 1*((1 - 0) + -4). Let z(d) = -12*d + 4. Let y(q) = -q**2 + 9*q - 4. What is the remainder when z(b) is divided by y(6)?
12
Let w be (-40)/25*(-6 + 1). Suppose 3*c = -c + w. Suppose m - 7 = c*p + 4, -p = -2*m + 16. Calculate the remainder when m is divided by 3.
1
Suppose -6 = 3*b, 5*x - 61 = 3*b - 20. Calculate the remainder when 21 is divided by x.
0
Suppose 0 = 2*o - 3*z - 20, -o + 3*z + 9 = 2*z. Let h = -3 - -11. Let b(s) = -s**2 + 10*s - 12. What is the remainder when o is divided by b(h)?
3
Suppose 0 = -2*b + 56 - 12. Calculate the remainder when 37 is divided by b.
15
Let a(c) = -c**3 + 19*c**2 - 17*c + 8. Calculate the remainder when a(18) is divided by 7.
5
What is the remainder when 102 is divided by ((-126)/15)/(2 - (-36)/(-15))?
18
Calculate the remainder when 5 is divided by (-24)/(-14) + (-2)/(-7).
1
Let r = -73 + 144. What is the remainder when r is divided by 24?
23
Suppose o = -o + 4. Suppose 0*v - o*g = 4*v - 62, 2*v = -3*g + 21. Calculate the remainder when v is divided by 10.
8
Let j(b) = 11*b - 1. Let s be j(2). Suppose 3*k = -6 + s. Let w(d) = 2*d**2 + 6*d + 6. Calculate the remainder when w(-4) is divided by k.
4
Calculate the remainder when 12 + -1 + (-2 - -3) is divided by 5.
2
Suppose 5*y = -0*y + 65. What is the remainder when 30 is divided by y?
4
Let f(j) = -5*j - 7. Let y be f(-5). Suppose 3*x = 5*a - 22, 3*x = -a + 7*x + y. Suppose a = t - 16. What is the remainder when t is divided by 10?
8
Let q(k) = -k**2 + 5*k + 8. Calculate the remainder when 34 is divided by q(4).
10
Suppose l = -3 + 5. Suppose -4*w = l*y - 7*w - 17, 17 = 5*y + w. Suppose 40 = y*d + d. Calculate the remainder when 22 is divided by d.
6
Let h(r) = -r - 2. What is the remainder when 17 is divided by h(-7)?
2
Suppose 0 = -r + 2*r - 4*o, -5*r - 4*o + 24 = 0. Suppose r*m + 21 = -15. Let y = m + 24. What is the remainder when 29 is divided by y?
14
Let m be 2/(2/(-2)) + 2. Suppose m = -h - 11 + 37. Let a = 8 + 1. Calculate the remainder when h is divided by a.
8
What is the remainder when (-2)/(31/33 + -1) is divided by 17?
16
Suppose 0 = 4*h - 2*g - g - 97, -2*h + 5*g + 45 = 0. Calculate the remainder when 73 is divided by h.
23
Suppose x - 3*s + 29 = -s, -3*x - 105 = 3*s. Let a = x + 52. Suppose 17 = 3*t - 2*r - 10, -2*r + 1 = t. Calculate the remainder when a is divided by t.
5
Let b = 65 - 37. What is the remainder when 110 is divided by b?
26
Suppose -14*s + 452 = -10*s. Calculate the remainder when s is divided by 17.
11
Let k = 15 - 10. Suppose -4*p = -q - 6, -2*q + 2 = -0*p - p. What is the remainder when k is divided by q?
1
Let x be (-3)/(-1*(-6)/(-10)). Let n be x/(2/(0 - -2)). Suppose 2*j + 54 = n*k - 27, -4*j = -5*k + 77. What is the remainder when k is divided by 5?
2
Let j(s) = -6*s - 79. Suppose -5*t + 8 = -t. Suppose -5 + 31 = o - b, -t*o + 27 = 3*b. What is the remainder when o is divided by j(-15)?
10
Let q = -1 + 0. Let w be q + -1 + (59 - 1). Suppose -4*k + w = 4*y, -3*k + 63 = 5*y - 15. Calculate the remainder when 34 is divided by y.
16
Calculate the remainder when ((-13)/((-195)/140))/(4/6) is divided by 5.
4
Suppose -5*y + 3*y + 4 = 0. Suppose -5*h = 4*t + y, -3*t = -0*t - h - 8. Suppose -2*s = t*s - 24. Calculate the remainder when 17 is divided by s.
5
Let u = 14 + -12. Calculate the remainder when 47 is divided by u/6*0 + 25.
22
Let y(u) = 14*u - 9. Let w be y(7). Let c = w + -58. Let x(o) = o**2 + 6*o + 4. What is the remainder when c is divided by x(-7)?
9
What is the remainder when (-7 - -1)*(-5)/(-10)*-27 is divided by 41?
40
Let u = 56 + 94. Calculate the remainder when u is divided by 38.
36
Suppose -2 - 4 = -2*d + 4*x, 5*x = 20. What is the remainder when 37 is divided by d?
4
Suppose -6 = -w + 4*i, 2*i + 2*i = -2*w. What is the remainder when w is divided by 1?
0
What is the remainder when 41 is divided by 57/5 + (-16)/40?
8
Let s(n) = -12*n - 9. What is the remainder when s(-3) is divided by 7?
6
Let j(u) = 7*u - 3. Suppose -4*i + 0*i = -r + 24, 4*r - 81 = i. What is the remainder when r is divided by j(2)?
9
Let a(t) = -t**3 - 2*t**2 + 4. Let y be a(-2). Suppose 2*u - 18 = -z + y, 2*u + 3*z - 30 = 0. What is the remainder when 15 is divided by u?
6
Let b = 80 - 44. Let c(u) = 2*u**2 + 10*u + 7. Calculate the remainder when b is divided by c(-6).
17
Let g(a) = -a**2 + 17*a - 8. What is the remainder when g(16) is divided by 4?
0
Let w = -21 - -42. Let c = w + -11. What is the remainder when c is divided by 3?
1
Let z = -32 + 63. What is the remainder when z is divided by 20?
11
Suppose 4*p = 5*p. Suppose -2*o + p*o = -8. Suppose -4*k = 4*l - 32, -18 = -2*l - 0*l - o*k. What is the remainder when l is divided by 3?
1
Let n(w) = -w**3 + 4*w**2 + 4. Let r be n(4). Suppose 0 = r*z + z + 170. Let t = z - -49. What is the remainder when 44 is divided by t?
14
Let k(x) = x + 2*x**2 + x - x + 4 - 3. Let p be k(-4). Suppose c + p = 2*c. What is the remainder when c is divided by 10?
9
Calculate the remainder when 236 is divided by 4/(-78)*-3 - 440/(-13).
32
Suppose 2*x - 5*u = -4*u + 5, -3*u = -x - 5. Suppose 2*z - 48 = -x*g, 0*z + 2*z + 4 = 0. What is the remainder when -18*((-14)/6 + 1) is divided by g?
11
Let c(r) = -3*r. Let j(s) = s**3 - 4*s**2 + 3*s - 4. Let u be j(3). Let z(n) = -n**3 - 7*n**2 + 3*n - 5. Calculate the remainder when z(-8) is divided by c(u).
11
Suppose 3*r - 12 = 0, -3*l - 3*r - 2*r = -20. Suppose 2*p - 22 = -l*p. Suppose 5*k - p = i + 4, -4*k - i + 21 = 0. What is the remainder when k is divided by 2?
0
Suppose -2*r = -3 - 7. Calculate the remainder when 14 is divided by r.
4
Let a(h) be the third derivative of h**6/120 - 7*h**5/60 + h**3/6 - 8*h**2. Suppose -j + 2*j - 7 = 0. What is the remainder when 1 is divided by a(j)?
0
Let a(h) = -h**2 + 12*h + 13. Suppose -5*k + 0*c = -c - 37, c = 3. What is the remainder when a(12) is divided by k?
5
Let p(q) = -3*q**2. Let i be p(1). Let r = i - -6. Suppose -3*t = n - 18, 0 = 4*n + t - 3*t - 30. What is the remainder when n is divided by r?
0
Suppose 0 = 5*w - 275 - 50. What is the remainder when w is divided by 22?
21
Calculate the remainder when (-81)/189 - -5*(-149)/(-7) is divided by 19.
11
Let s be (-10*6)/((-8)/20). Suppose 4*f = 2*v + s, -4*f - 1 = -v - 146. What is the remainder when f is divided by 18?
17
Let h(q) = 8*q**2 + q. What is the remainder when 99 is divided by h(2)?
31
Let q(g) = 11*g**2 - 2*g + 1. Calculate the remainder when 18 is divided by q(1).
8
Calculate the remainder when 50 is divided by (-490)/(-30) + (-2)/(-3).
16
Let s(r) = -r**3 - 4*r**2 + 3*r + 3. Calculate the remainder when s(-5) is divided by 8/4 + -3 + 5.
1
Let l = 28 - 23. What is the remainder when 13 is divided by l?
3
Let i = 2 - 2. Suppose -11*f + 12*f = 39. Calculate the remainder when f is divided by i/1 - (-17 + -3).
19
Let q(a) be the first derivative of a**3/3 - 7*a**2/2 + 2*a + 2. Calculate the remainder when q(9) is divided by 11.
9
Let i = 93 + -77. Calculate the remainder when i is divided by 10.
6
Suppose g + 1 - 2 = 0. Suppose 22 = c - g. Calculate the remainder when 89 is divided by c.
20
Suppose -24 + 128 = 13*p. What is the remainder when 50 is divided by p?
2
What is the remainder when 107 is divided by ((-6)/(-5))/(((-64)/90)/(-16))?
26
Suppose 5*v + 7 = -3, v = -5*w + 118. What is the remainder when 47 is divided by w?
23
Let j(r) = -r + 11. Let n be j(7). Suppose 0 = -4*q + 2*g + 22, n*q - 4 = -0*q - 4*g. Suppose 4*k = k + 45. What is the remainder when k is divided by q?
3
Suppose 41 = 6*b - b + 4*t, b - 10 = t. Let i = -6 + b. Calculate the remainder when 3 is divided by i.
0
Suppose -v + 3 = 4*m, -2*v - 4 = 3*m - 0*m. Suppose 0*p + 4*p = -3*z + 115, -5*z + 5 = 0. What is the remainder when p is divided by m + (-6)/3 + 15?
13
Suppose -21 = w - 4*w. What is the remainder when w is divided by 2?
1
Let x(t) = t**2 + 5*t - 19. Suppose -64 = -4*l - 3*y, 0 = -4*l - 4*y - y + 64. What is the remainder when x(-11) is divided by l?
15
Suppose -5*i + 30 = 5*g, -4*g - 3*i - 2*i + 26 = 0. Suppose -33 = 5*c - 133. Suppose -60 = -4*z - c. What is the remainder when z is divided by g?
2
Calculate the remainder when 36 + 2*(-3)/3 is divided by 22.
12
Let y = 7 - 5. Let c be 2/((-6)/(-15)) + y. Calculate the remainder when 19 is divided by 1 + c - (-3